 0, r*b + 2*p = -b + 44. Let a = -126 - -166. Calculate the highest common factor of a and b.
8
Let k be 8/10 + (-1518)/(-15). Calculate the highest common factor of 238 and k.
34
Let p = -244 + 248. What is the greatest common divisor of 36 and p?
4
Let m be (315/(-75))/(3/(-255)). What is the highest common divisor of m and 7?
7
Suppose 0 = -3*t - 2*j + 517, 9*t - 13*t - j + 686 = 0. What is the highest common factor of 90 and t?
9
Let m(s) = -2*s + 3. Let p be m(-9). Let n be (-1)/(2/(-48)) - 3. Calculate the greatest common divisor of n and p.
21
Suppose 0 = 2*u - 23*u + 3402. Calculate the greatest common divisor of u and 36.
18
Suppose 2*r - w = 10, 5*w - 5 - 1 = -4*r. Let l be ((-4)/r - -2) + -54. Let d = 32 - l. What is the highest common divisor of d and 34?
17
Let p(z) = 228*z**2 - 2*z + 5. Let k be p(2). What is the greatest common divisor of 83 and k?
83
Let r be (-1 - -3)/(9/1287). Let v = r + -196. What is the greatest common divisor of 10 and v?
10
Let d = -28 - -31. Suppose -24 = -d*a - 3*a. Calculate the greatest common divisor of 6 and a.
2
Let l = 48 + 24. Suppose l*d + 12 = 74*d. What is the highest common factor of 21 and d?
3
Let u = -2 - -6. Let i be (u/(-6))/(2/(-84)). Let y = i + -14. What is the greatest common divisor of 42 and y?
14
Let l be 19 - (-2 + (-1)/(-1) - -5). What is the highest common divisor of l and 15?
15
Suppose -3*f = -5*f + 40. Let z(t) = -43*t - 3. Let u be z(-1). What is the greatest common factor of f and u?
20
Let t = -13 - -15. Suppose 3*v - 2 = 2*v. Suppose -41 = -5*z + v*i - 4*i, -26 = -t*z + 4*i. What is the greatest common divisor of z and 6?
3
Let n = 124 - 88. Suppose 4*j - n = 60. Let f(m) = -m + 1. Let s be f(-2). What is the highest common factor of s and j?
3
Let q = 168 + -144. What is the highest common divisor of q and 12?
12
Let u be 85 + 1/1 + 1. Let i = -401 + 679. Suppose -5*z - 4*n + i = 0, 4*z - 4*n - 128 = 2*z. What is the highest common factor of u and z?
29
Suppose -26 = -5*a - 6. Suppose 32*f - 35*f = -24. What is the greatest common factor of a and f?
4
Suppose -25*l + 838 + 2362 = 0. What is the greatest common divisor of l and 8?
8
Let c be (-196)/(-16) + 5/(-20). Calculate the greatest common factor of c and 27.
3
Suppose -5*o = 4*b - 92, 3*o + 17*b - 45 = 18*b. Calculate the greatest common divisor of o and 20.
4
Let v(z) = -10*z. Suppose -3*c = -18 + 6. Suppose c*l = -1 - 7. Let h be v(l). What is the highest common factor of 50 and h?
10
Suppose -516 = -3*t + 4*f + 294, 3*f = t - 275. Suppose 4*o = t - 106. What is the greatest common factor of o and 5?
5
Suppose -3*j + 385 - 265 = 0. What is the greatest common divisor of j and 12?
4
Suppose 0 = -197*x + 192*x + 440. Let d(h) = -h + 4. Let g be d(2). Suppose -3*c + 11 = -g*c. What is the greatest common factor of c and x?
11
Suppose -50 = 7*l - 2*l. Let v = l + 61. What is the highest common factor of 357 and v?
51
Suppose -60 = -5*j - 0*j. Let p be (-16)/(-24)*(-6)/(-4). Suppose p = -s + 19. Calculate the highest common factor of s and j.
6
Suppose -32 = -19*n + 11*n. Suppose n*c = -4, 4*c - 2*c - 126 = -4*u. Calculate the greatest common divisor of 96 and u.
32
Suppose -2*o + 173 = -3*m - 125, 5*o = 2*m + 756. Let f = o + -143. What is the greatest common divisor of 45 and f?
9
Suppose -3*s - 429 + 1220 = 5*k, 0 = 2*k + s - 316. Suppose -k*m + 154*m + 18 = 0. Calculate the highest common divisor of m and 6.
6
Suppose -s + 468 = 4*y, -2*s - 364 = -4*y + 104. Let d = 19 + 7. Calculate the greatest common factor of y and d.
13
Let g be 6/(-15)*3*990/(-27). Let t be (-2)/(-8) - (-605)/g. Calculate the greatest common divisor of 35 and t.
7
Let b(p) = 2*p - 162. Let l(w) = -w + 65. Let a(o) = 5*b(o) + 12*l(o). Let y be a(-19). Calculate the greatest common divisor of y and 32.
8
Suppose 4*f + 72 = f. Let g be (78/8)/((-2)/f). Let u be (-16)/(-6)*g/26. What is the greatest common divisor of u and 132?
12
Suppose 2*z - 9 = -49*q + 48*q, -15 = -5*z - 4*q. What is the highest common factor of z and 245?
7
Suppose q = -4, l + 150*q - 268 = 149*q. What is the highest common factor of l and 85?
17
Suppose 0 = -4*k + 3*r + 196, k + 26 = 2*k + 5*r. Calculate the highest common divisor of k and 69.
23
Let k(r) = -2*r - 8. Let l be k(-4). Suppose -3*z = 4*c - 50, -c + l*z + 3 = -4*z. Calculate the highest common factor of 66 and c.
11
Let x be (-317)/(-7) - 2/7. Let n(t) = -32*t + 82. Let g be n(2). What is the greatest common divisor of x and g?
9
Suppose 0 = 3*o + k - 771, 40*o = 37*o - 2*k + 774. What is the greatest common factor of 16 and o?
16
Let l(p) = 32*p**2 + 2*p - 1. Let x be l(-2). Suppose -4*t - 3*z = -6*t + x, -5*t + 327 = -z. Calculate the highest common divisor of t and 22.
22
Let y = 33 - 16. Let d = -13 + y. Suppose 4*m + 0 = d*p - 284, -5*p + m + 359 = 0. Calculate the greatest common divisor of 8 and p.
8
Suppose -2*y = 281 - 325. Let m = 504 - 328. What is the highest common divisor of m and y?
22
Suppose -157*x - 42 = -160*x. Calculate the greatest common divisor of x and 994.
14
Suppose -4*z + 9 + 7 = 0. Suppose z*m - 493 = -141. What is the greatest common factor of 33 and m?
11
Suppose -3*o + 5*o - 56 = 0. Let b = o + -27. Calculate the greatest common divisor of b and 8.
1
Let b be (0*1/(1 + -2))/(-1). Let o(v) = -v + 11. Let q be o(b). What is the highest common factor of q and 1?
1
Let f be (-408)/2*(-7)/14. Let x be ((-32)/(-12))/(4/f). Calculate the highest common divisor of 17 and x.
17
Suppose 0 = -3*s - 5*d + 197, d + 154 = 5*s - 165. Suppose 3*l - 4*l + 3*f = -s, -3*l + 168 = -f. What is the greatest common factor of l and 22?
11
Let j = 385 - -59. Suppose -4*a = 2*r - j, -r + 6*a + 204 = 2*a. Calculate the greatest common factor of r and 24.
24
Let q = 21 - 13. Let m be (-13)/(-5) - (12/(-5) - -3). Suppose 32 = 5*b + 2*x + 4, m*b - 16 = -2*x. Calculate the highest common factor of q and b.
4
Suppose -5*b + 5*o = 27 - 97, b - 12 = 3*o. Calculate the highest common factor of b and 20.
5
Let b be 1/(5/(4*30)). Let y = b - 4. Calculate the greatest common divisor of y and 80.
20
Suppose 2*d = 5*u + 22, 3*u - 1 + 10 = -3*d. Let k be 1 + 0/1 + u + 18. Calculate the highest common factor of 3 and k.
3
Let v = -37 + 85. Calculate the greatest common factor of 216 and v.
24
Let a = 828 - 492. What is the greatest common divisor of 24 and a?
24
Suppose -5*f - 517 = -2*b, 3*b = -3*f - 411 + 1218. What is the greatest common divisor of 14 and b?
14
Suppose -2*a = 14 - 18. Suppose 2 = a*g - 10. Calculate the greatest common factor of 4 and g.
2
Suppose 20 = 75*v - 71*v. Suppose -v*r + 24 = 2*p - 0*p, p + 3 = 0. What is the greatest common divisor of r and 72?
6
Let y be 6 + (-20)/(-6) + (-90)/(-135). Let n be (-2)/(-5) - (-1296)/10. What is the greatest common divisor of n and y?
10
Suppose 54 = 3*u - 21. Let a(p) = -168*p - 61. Let j be a(-2). What is the greatest common divisor of j and u?
25
Suppose 3*j = 9, -119 = 8*f - 13*f + 2*j. Suppose 14*q - 101 = f. What is the greatest common factor of q and 18?
9
Suppose 121*k + 3230 = 138*k. Calculate the greatest common divisor of 40 and k.
10
Suppose -h = 5*b - 23, -2*h - 2*h - 4*b + 28 = 0. Suppose h*p + p - 2*j = 494, -j = -5*p + 625. Calculate the highest common factor of p and 14.
14
Let x = 2 + -22. Let b be (-70)/4*48/x. Calculate the greatest common divisor of 28 and b.
14
Suppose -i + 10 + 34 = 0. Let q be (-1 + i/(-10))/(6/(-30)). Suppose 5*a - 142 = -7. What is the greatest common divisor of q and a?
27
Let c be (-2)/(-7) + 2988/28. Let m be c + 1 + 0 - 3. Calculate the greatest common divisor of m and 15.
15
Suppose 51 = 5*t + 26. Suppose -20 = -0*l - l + 4*a, 101 = 4*l + t*a. What is the highest common factor of 96 and l?
24
Let s be 21/378 - (-215)/18. Calculate the greatest common factor of 588 and s.
12
Suppose -3*r + m - 6*m + 40 = 0, 0 = 4*r - m - 61. Suppose r = -3*a, 0 = -8*n + 3*n + a + 80. What is the greatest common divisor of n and 120?
15
Suppose 0 = 14*u - 1474 + 88. Calculate the highest common divisor of 4059 and u.
99
Let q = -120 + 118. Let l be (1 - (-232)/28) + q/7. What is the highest common factor of 63 and l?
9
Let j = -113 - -153. What is the greatest common factor of j and 220?
20
Let b = 11 - 3. Suppose -c + b = c. 